ens digit of b?
6
Let v(n) = -n**3 - 4*n**2 + 3. Let x be v(-2). Let g(w) = -3*w**3 + 6*w**2 - 2*w - 5. What is the tens digit of g(x)?
3
What is the tens digit of 2316/(-965) - (-335331)/15?
5
Let u = 145 - 278. Let s = 74 - u. What is the units digit of s?
7
Let l be ((-783)/348)/(0 - (-3)/(-752)). Let n = l + -401. Let h = -62 + n. What is the units digit of h?
1
Let t = 18 + 38. Let o = -66 + t. What is the tens digit of ((-4)/o)/1*275?
1
Let u = -25645 - -38384. What is the tens digit of u?
3
Let b = -1457 - -20117. What is the units digit of b?
0
Let r(t) = 49*t + 14. Let f be (-2 + 6/2)*6. Let s be r(f). Suppose 3*p = s - 41. What is the tens digit of p?
8
Let n(q) = -3*q**2 - 43*q - 25. Let x be n(-14). Let h = 0 - -23. Let a = x + h. What is the tens digit of a?
1
Let n be ((-188)/(-6))/((-22)/(-33)). Let u = n + -29. Suppose -20*q + 28 = -u*q. What is the tens digit of q?
1
Suppose 4 + 16 = 4*l. Suppose -l*v + 1282 = -553. Let b = -251 + v. What is the hundreds digit of b?
1
Let l(t) = 114*t - 1680. What is the tens digit of l(38)?
5
Suppose 0 = -2*i + s + 17576, 40*i - 35*i - 43926 = -s. What is the thousands digit of i?
8
Suppose 4*k - 92 = 5*a, 0 = a + 4*k + 4. What is the units digit of a*(-1 + 3)*(37 + -38)?
2
Let z be (5/(-2) + 0)/(12/(-24)). Suppose 0 = -z*i + b + 462, 0*b = i + b - 96. What is the tens digit of i?
9
Suppose 28 = 14*l - 7*l. Suppose -l*p - 111 + 16 = -5*h, 5*h - 45 = 2*p. Let i = p - -65. What is the tens digit of i?
4
Let y = -8123 + 12347. What is the tens digit of y?
2
What is the hundreds digit of 21*(-24)/(-420)*95510/4?
6
Let o be (-1 + 3 - -1) + 25. Suppose 43 = 3*g + o. Suppose 146 = 2*y + y - s, 0 = -g*y - 2*s + 236. What is the units digit of y?
8
Let c(z) = -z**2 - z + 9. Let u be c(-3). Let p be u - (-5)/10*-2. Suppose 3*k + k + 4*s = 144, 0 = p*s. What is the tens digit of k?
3
Let x(p) = p**3 - 12*p**2 + 9*p + 27. Let n be x(13). Suppose -n = -11*t + 9070. What is the units digit of t?
3
Suppose 1103296 = 88*r - 24*r. What is the tens digit of r?
3
Suppose -4*a = 4*m - 5*a - 68901, m = a + 17226. What is the tens digit of m?
2
Suppose -5*y - 5*v + 75722 = -20723, 2*v - 2 = 0. What is the hundreds digit of y?
2
Suppose 22269 = -56*z + 210149. What is the hundreds digit of z?
3
Let z = 81 + -49. Suppose -7*i - 204 = -3*i. What is the units digit of i/(2/(z/(-12)))?
8
Let l be -33 - (-4)/((-16)/3)*-4. Let h = 28 + l. What is the units digit of (h/(-6))/(4 - (-188)/(-48))?
4
Let x(h) = -290*h + 46. Let p be x(-7). Suppose p = 58*y - 54*y. What is the hundreds digit of y?
5
Let n(q) = q**3 - 19*q**2 - 13*q + 8. Let z be n(21). Suppose 4*g + d - z = 0, -173 = 5*g - 6*g - 4*d. What is the tens digit of g?
5
Let k = 3 - 1. Suppose 0 = y + k*m + 4, -5*m - 1 + 30 = -4*y. What is the units digit of (-468)/8*3/(27/y)?
9
Let t = -384 - 64. Let c = t + 964. What is the hundreds digit of c?
5
Let i(d) = -d**2. Suppose 5*k - 4*t = -3*t + 9, -5*t - 21 = -k. Let m(u) = 6*u**2 - u - 13. Let z(o) = k*m(o) - 3*i(o). What is the units digit of z(4)?
7
Suppose 474 = -17*t + 14*t. Let q = 618 + t. What is the hundreds digit of q?
4
Let u(x) = x + 10. Let z be u(-5). Suppose 4*y + 96 = -n, -2*y - 48 = -0*y - z*n. What is the tens digit of (35/(-14))/(1/y)?
6
Let j(t) = -t**3 + 6*t + 6. Let w be j(-2). What is the tens digit of 1/9*w - 15096/(-108)?
4
Let a(x) = 59*x - 27. Let t = 211 - 202. What is the tens digit of a(t)?
0
Suppose -171821 = -40*k + 30*k - 19391. What is the tens digit of k?
4
Let s = 51912 + -32720. What is the thousands digit of s?
9
Let c(r) = -81*r**3 - r**2 - 9*r - 63. What is the ten thousands digit of c(-5)?
1
Suppose 13*n - 76382 = 58381 - 13694. What is the tens digit of n?
1
Let d(s) = 18804*s**3 + 11*s**2 - 22*s + 10. What is the hundreds digit of d(1)?
8
Let p(y) = y**3 - 9*y**2 - y + 8. Let f be p(9). Let c be 2*(f/3 + (-17)/(-6)). Suppose -c*a - 3*a + 480 = 0. What is the tens digit of a?
6
What is the tens digit of 705*1685/15 - -19?
1
Let h = -103 - -207. Suppose -399 = -w + 4*q - h, -w = 2*q - 289. What is the units digit of w?
1
Suppose z - 6*z + 2*y = 3903, z = -y - 782. What is the units digit of (6/(-6))/(z/390 - -2)?
0
Let n = -9691 - -5925. Let c = -2282 - n. What is the units digit of c?
4
Suppose -4*n - 6 = -6*n. Suppose -n*i = 9 - 0. Let u(x) = -4*x**3 - 5*x**2 - 5*x - 5. What is the units digit of u(i)?
3
Let d(s) = -5*s**3 - s**2 - 40*s + 13. What is the units digit of d(-11)?
7
Suppose 4*d - 2238 = 2*i, 22*d - 25*d = -i - 1681. What is the hundreds digit of d?
5
Suppose 2*l = 5*l + 36. Let z be (-3)/(l/1045) - (-12)/16. Suppose 0 = 6*x + z - 1006. What is the tens digit of x?
2
Let t = 4510 - 10010. What is the tens digit of ((-2)/(-4))/((-5)/t)?
5
Suppose 2*j - 93395 = -5*w, -j - 3207*w + 3212*w = -46735. What is the tens digit of j?
1
Let r = 212 + -234. What is the hundreds digit of 1/(r/(-55)*10/1284)?
3
Suppose -3*h - 2 + 17 = 0. Let i(k) = 4*k**2 + k**3 - k - 4*k**2 - 2*k**2 + 2 + 5. What is the tens digit of i(h)?
7
Suppose 3*b = 5*f + 5*b - 108, -3*f - 3*b = -72. What is the tens digit of (-1812)/(-10) + (-4)/f?
8
What is the tens digit of (-645201)/(-33) + (-180)/330?
5
Let u(z) = -10*z**2 + 333*z - 17. What is the tens digit of u(16)?
5
Let y(r) = -1240*r + 171. What is the thousands digit of y(-4)?
5
Suppose 3*a + 2*d - 639 = -d, -2*a + 444 = -4*d. Suppose 0 = 7*v - 953 - a. What is the units digit of (3 - -5)/4 + v?
9
Let i be (40/16)/(2/16). Suppose -p + i = 2*u, -4*p + 73 + 7 = -u. What is the tens digit of p?
2
Let b(i) = 64*i - 52. Let n = 248 + -241. What is the tens digit of b(n)?
9
Let h(i) = -1775*i - 48. Let s be h(-3). Let p = s - 3709. What is the tens digit of p?
6
Suppose 2*v = -3*s + 37763, 5*s + 31*v = 34*v + 62894. What is the ten thousands digit of s?
1
Let d = 501 - -43. Suppose -4*l + d + 400 = 0. What is the hundreds digit of l?
2
Suppose 22*v - 535554 = 446768. What is the thousands digit of v?
4
Let b(f) = 3*f**2 + 15*f - 9. Let u be b(-6). Suppose 0 = 5*w - 29 + u. What is the tens digit of 2/6 - (1563/(-9) + w)?
7
Let v(j) = 24*j + 1533. Let l be v(-70). Let w(o) = 232*o**2 + o. Let u be w(1). Let a = u + l. What is the tens digit of a?
8
Let s be 7/(-35) - 224/(-20). Suppose -s*p = -p - 3710. What is the units digit of p?
1
Let i(s) = s**3 + s**2 - s - 1. Let f(y) = -4*y**3 - 20*y**2 + 15*y + 5. Let g(v) = -f(v) - 5*i(v). What is the tens digit of g(14)?
5
Let u(a) be the first derivative of 37*a**3/3 - 6*a**2 - 18*a + 95. What is the hundreds digit of u(-3)?
3
Let b be -3 - (-3 - 53 - -1). Let a = b + -22. What is the tens digit of a?
3
Suppose -16*k + 1812 = 1748. Let s = 4 - -1. Suppose 2*y + 158 = z + s*y, z + k*y = 160. What is the tens digit of z?
5
Let f = -1097 - 1122. Let c = -1225 - f. What is the units digit of c?
4
Suppose -2*s + 8 = -6*s + 4*m, 5*s + 4*m + 1 = 0. What is the units digit of ((-66)/(-55))/(s/(-105))?
6
Let z be (-4371)/(-12) + 27/(-108). Let j = 107 + z. What is the tens digit of j?
7
Suppose 8 = -r - 4*s, 4*s = -3*r + 37 - 45. Suppose r = -3*a + a + 1970. What is the units digit of a?
5
Suppose -5*h = -3*d + 6*d - 14, 0 = -5*d + 2*h + 13. Let j = 10 + -10. Suppose j = -w + d*w + 6, -657 = -5*p + 4*w. What is the tens digit of p?
2
Let r(w) = 50*w**3 - w**2 + 2*w - 2. Let p be r(1). What is the tens digit of (-572)/(-14) + (7/p)/1?
4
Let m be (-51)/(-1) + (-2 - -7). Suppose 1035 = -51*t + m*t. What is the tens digit of t?
0
Let y be (-4)/(-18) + (-8)/36. Suppose 0 = -0*k - k + p + 23, -p - 2 = y. What is the tens digit of k?
2
Let g(k) = -k**3 - 6*k**2 - 2. Let q be g(-6). Let f(p) be the first derivative of -33*p**2/2 + 4*p - 5. What is the tens digit of f(q)?
7
Let s(b) = 6*b**2 - 6*b. Let q be s(1). Suppose m = -3*m - a + 1319, q = -m + 4*a + 351. What is the units digit of m?
1
Let w be 6/(-12) + 14/4. Suppose m - 10 = -w*l, 6*m - 6 = 5*l + 2*m. Suppose 0 = 4*i + l*u - 55 - 303, -2*u = -3*i + 251. What is the tens digit of i?
8
Suppose 10*s - 4*s + 6 = 0. What is the units digit of s + 9 - (-1)/(2/(-8))?
4
Suppose k - 5*i = -10, -5*k = 4*i + 4 - 99. Suppose -16*z + k*z + 115 = 0. Let o = z + -36. What is the units digit of o?
9
Suppose 0 = -10*i - 26*i + 2412. Suppose -i*g = -62*g + 5*j - 1490, -g - 5*j